{"id":16,"date":"2017-06-28T10:55:05","date_gmt":"2017-06-28T08:55:05","guid":{"rendered":"http:\/\/www.karstensgastroservice.de\/?page_id=16"},"modified":"2022-08-10T15:45:12","modified_gmt":"2022-08-10T13:45:12","slug":"jagdschaenke-fruehstueck-1","status":"publish","type":"page","link":"https:\/\/www.karstensgastroservice.de\/?page_id=16","title":{"rendered":"Jagdsch\u00e4nke &#8211; Fr\u00fchst\u00fcck 1"},"content":{"rendered":"<p><img loading=\"lazy\" decoding=\"async\" class=\"alignnone size-full\" src=\"https:\/\/www.karstensgastroservice.de\/wp-content\/uploads\/2019\/01\/fr\u00fchst\u00fcck-I-js-220810.jpg\" alt=\"\" width=\"1920\" height=\"1080\" \/><\/p>\n","protected":false},"excerpt":{"rendered":"","protected":false},"author":2,"featured_media":0,"parent":0,"menu_order":0,"comment_status":"closed","ping_status":"closed","template":"kgs-blank-site.php","meta":{"footnotes":""},"class_list":["post-16","page","type-page","status-publish","hentry"],"_links":{"self":[{"href":"https:\/\/www.karstensgastroservice.de\/index.php?rest_route=\/wp\/v2\/pages\/16","targetHints":{"allow":["GET"]}}],"collection":[{"href":"https:\/\/www.karstensgastroservice.de\/index.php?rest_route=\/wp\/v2\/pages"}],"about":[{"href":"https:\/\/www.karstensgastroservice.de\/index.php?rest_route=\/wp\/v2\/types\/page"}],"author":[{"embeddable":true,"href":"https:\/\/www.karstensgastroservice.de\/index.php?rest_route=\/wp\/v2\/users\/2"}],"replies":[{"embeddable":true,"href":"https:\/\/www.karstensgastroservice.de\/index.php?rest_route=%2Fwp%2Fv2%2Fcomments&post=16"}],"version-history":[{"count":33,"href":"https:\/\/www.karstensgastroservice.de\/index.php?rest_route=\/wp\/v2\/pages\/16\/revisions"}],"predecessor-version":[{"id":17966,"href":"https:\/\/www.karstensgastroservice.de\/index.php?rest_route=\/wp\/v2\/pages\/16\/revisions\/17966"}],"wp:attachment":[{"href":"https:\/\/www.karstensgastroservice.de\/index.php?rest_route=%2Fwp%2Fv2%2Fmedia&parent=16"}],"curies":[{"name":"wp","href":"https:\/\/api.w.org\/{rel}","templated":true}]}}